{"id":442,"date":"2023-10-18T11:49:34","date_gmt":"2023-10-18T10:49:34","guid":{"rendered":"https:\/\/www.spcireland.org\/?page_id=442"},"modified":"2025-10-14T09:05:57","modified_gmt":"2025-10-14T08:05:57","slug":"kolo-srpskih-sestara","status":"publish","type":"page","link":"https:\/\/www.spcireland.org\/en\/kolo-srpskih-sestara\/","title":{"rendered":"Association of Serbian Sisters"},"content":{"rendered":"<h2>Founding of the Association of Serbian Sisters in Belgrade<\/h2>\r\n<p>On the Feast of the Assumption in 1903, a group of women met in Belgrade to establish a female, humanitarian, and cultural society. At that time, the rules for this society were drafted, with the mission of providing as much assistance as possible to the suffering Serbian population in Old Serbia and Macedonia, and later, as the society grew stronger, to extend help to other regions where the Serbian people were oppressed. Branislav Nu\u0161i\u0107, a well-known Serbian writer, proposed that this organization be named the Association of Serbian Sisters. The main founders of the Association were Nade\u017eda Petrovi\u0107, Delfa Ivani\u0107, and Savka Suboti\u0107. Savka Suboti\u0107 also became the first president of the Association.<\/p>\r\n<h2>Founding of the Association in Ireland<\/h2>\r\n\r\n\r\n\r\n<p>The Association of Serbian Sisters \u201cProtection of the Most Holy Mother of God\u201d in the Republic of Ireland is likely one of the youngest organizations of its kind.\nIt was founded in 2018 in Dublin as a women\u2019s humanitarian and cultural society.\nAt that time, the Association\u2019s first committee was elected, with Ankica Stan\u010devi\u0107 serving as the first president.\nIn June 2023, a new committee was chosen, and Biljana Torbica Kostin was elected as the current president of the Association.<\/p>\r\n<h2>The First Patron Feast of the Association<\/h2>\r\n\r\n\r\n\r\n<p>The first patron saint celebration was held on October 14, 2018, when Father Mladen broke the festive bread with the president and other members of the newly formed association. Today, the Association has around 50 members from various parts of Ireland.<\/p>\r\n\r\n\r\n\r\n<figure class=\"wp-block-image aligncenter size-large is-resized\"><img decoding=\"async\" loading=\"lazy\" width=\"1024\" height=\"768\" class=\"wp-image-501\" style=\"aspect-ratio: 1.3333333333333333; width: 842px; height: auto;\" src=\"https:\/\/www.spcireland.org\/wp-content\/uploads\/sites\/4\/2023\/10\/IMG_6661-1024x768.jpg\" alt=\"\" srcset=\"https:\/\/www.spcireland.org\/wp-content\/uploads\/sites\/4\/2023\/10\/IMG_6661-1024x768.jpg 1024w, https:\/\/www.spcireland.org\/wp-content\/uploads\/sites\/4\/2023\/10\/IMG_6661-300x225.jpg 300w, https:\/\/www.spcireland.org\/wp-content\/uploads\/sites\/4\/2023\/10\/IMG_6661-768x576.jpg 768w, https:\/\/www.spcireland.org\/wp-content\/uploads\/sites\/4\/2023\/10\/IMG_6661.jpg 1080w\" sizes=\"(max-width: 1024px) 100vw, 1024px\" \/>\r\n<figcaption class=\"wp-element-caption\">Celebration of the first Slava of the Association of Serbian Sisters 'Protection of the Most Holy Mother of God<\/figcaption>\r\n<\/figure>\r\n\r\n\r\n\r\n<figure class=\"wp-block-image size-large\"><img decoding=\"async\" loading=\"lazy\" width=\"1024\" height=\"768\" class=\"wp-image-503\" src=\"https:\/\/www.spcireland.org\/wp-content\/uploads\/sites\/4\/2023\/10\/IMG_6662-1024x768.jpg\" alt=\"\" srcset=\"https:\/\/www.spcireland.org\/wp-content\/uploads\/sites\/4\/2023\/10\/IMG_6662-1024x768.jpg 1024w, https:\/\/www.spcireland.org\/wp-content\/uploads\/sites\/4\/2023\/10\/IMG_6662-300x225.jpg 300w, https:\/\/www.spcireland.org\/wp-content\/uploads\/sites\/4\/2023\/10\/IMG_6662-768x576.jpg 768w, https:\/\/www.spcireland.org\/wp-content\/uploads\/sites\/4\/2023\/10\/IMG_6662.jpg 1080w\" sizes=\"(max-width: 1024px) 100vw, 1024px\" \/>\r\n<figcaption class=\"wp-element-caption\">\u041f\u0440\u043e\u0441\u043b\u0430\u0432\u0430 \u0434\u0440\u0443\u0433\u0435 \u0421\u043b\u0430\u0432\u0435 \u041a\u043e\u043b\u0430 \u0441\u0440\u043f\u0441\u043a\u0438\u0445 \u0441\u0435\u0441\u0442\u0430\u0440\u0430 \u041f\u043e\u043a\u0440\u043e\u0432 \u041f\u0440\u0435\u0441\u0432\u0435\u0442\u0435 \u0411\u043e\u0433\u043e\u0440\u043e\u0434\u0438\u0446\u0435 2019. \u0433\u043e\u0434\u0438\u043d\u0435<\/figcaption>\r\n<\/figure>\r\n\r\n\r\n\r\n<h2>Celebrations and Activities<\/h2>\r\n<p>The progress of our church and parish would be unimaginable without the dedication and heartfelt participation of the sisters of the Association \u201cProtection of the Most Holy Mother of God.\u201d\nThe sisters are always ready and willing to support every church or community event, working to preserve and strengthen the religious and cultural life of our small community.\nAs women and mothers, they recognize the importance of working together to safeguard cultural values. With great maternal care, they dedicate themselves to ensuring that not only their own children, but all families in our community\u2014and even occasional guests at our celebrations\u2014experience the warmth of traditional Serbian hospitality.<\/p>\r\n<h2 data-start=\"2005\" data-end=\"2031\">Mission and Purpose of the Association<\/h2>\r\n<p>The members of the Association have diverse and numerous responsibilities. They participate in preserving Serbian religious traditions, work to maintain and strengthen the church community and Serbian cultural heritage, and organize activities for Christmas, Easter, the patron saint feast, and other religious holidays.\nIn addition, they take care of the church interior and provide support to parishioners in need. The sisters tirelessly engage in initiatives that strengthen Christian family life, organize humanitarian activities, and express their love for God and the Serbian people in various ways.<\/p>\r\n<h2>Work Rooted in Love and Faith<\/h2>\r\n\r\n\r\n\r\n<p>The work of the members of the Association of Serbian Sisters \u201cProtection of the Most Holy Mother of God\u201d is entirely voluntary and brings no personal or material gain, except the spiritual satisfaction of seeing a smile of gratitude from someone they have helped.\nThe sisters are aware that their efforts are valued and rewarded by the One whose rewards are eternal and everlasting.\nFor this reason, they carry out their work quietly and humbly, trusting in God and the Most Holy Mother of God, their protector and intercessor, who guides and strengthens them even when their will and energy falter.<\/p>\r\n\r\n\r\n\r\n<figure class=\"wp-block-image size-large\"><img decoding=\"async\" loading=\"lazy\" width=\"1024\" height=\"767\" class=\"wp-image-504\" src=\"https:\/\/www.spcireland.org\/wp-content\/uploads\/sites\/4\/2023\/10\/IMG_6650-1-1024x767.jpg\" alt=\"\" srcset=\"https:\/\/www.spcireland.org\/wp-content\/uploads\/sites\/4\/2023\/10\/IMG_6650-1-1024x767.jpg 1024w, https:\/\/www.spcireland.org\/wp-content\/uploads\/sites\/4\/2023\/10\/IMG_6650-1-300x225.jpg 300w, https:\/\/www.spcireland.org\/wp-content\/uploads\/sites\/4\/2023\/10\/IMG_6650-1-768x575.jpg 768w, https:\/\/www.spcireland.org\/wp-content\/uploads\/sites\/4\/2023\/10\/IMG_6650-1-1536x1150.jpg 1536w, https:\/\/www.spcireland.org\/wp-content\/uploads\/sites\/4\/2023\/10\/IMG_6650-1.jpg 1600w\" sizes=\"(max-width: 1024px) 100vw, 1024px\" \/>\r\n<figcaption class=\"wp-element-caption\">\u041f\u0440\u043e\u0441\u043b\u0430\u0432\u0430 \u0421\u043b\u0430\u0432\u0435 \u041a\u043e\u043b\u0430 \u0441\u0440\u043f\u0441\u043a\u0438\u0445 \u0441\u0435\u0441\u0442\u0430\u0440\u0430 \u041f\u043e\u043a\u0440\u043e\u0432 \u041f\u0440\u0435\u0441\u0432\u0435\u0442\u0435 \u0411\u043e\u0433\u043e\u0440\u043e\u0434\u0438\u0446\u0435 2023. \u0433\u043e\u0434\u0438\u043d\u0435<\/figcaption>\r\n<\/figure>\r\n\r\n\r\n\r\n<p>All women of noble heart who wish to join the Association of Serbian Sisters \u201cProtection of the Most Holy Mother of God\u201d can do so by contacting the Association via email <a href=\"mailto:ksspokrovpresvetebogorodice@gmail.com\">ksspokrovpresvetebogorodice@gmail.com<\/a><\/p>\r\n<p>&nbsp;<\/p>","protected":false},"excerpt":{"rendered":"<p>\u041e\u0441\u043d\u0438\u0432\u0430\u045a\u0435 \u041a\u043e\u043b\u0430 \u0441\u0440\u043f\u0441\u043a\u0438\u0445 \u0441\u0435\u0441\u0442\u0430\u0440\u0430 \u0443 \u0411\u0435\u043e\u0433\u0440\u0430\u0434\u0443 \u041d\u0430 \u0412\u0435\u043b\u0438\u043a\u0443 \u0413\u043e\u0441\u043f\u043e\u0458\u0438\u043d\u0443 1903. \u0433\u043e\u0434\u0438\u043d\u0435 \u0433\u0440\u0443\u043f\u0430 \u0436\u0435\u043d\u0430 \u0441\u0435 \u0441\u0430\u0441\u0442\u0430\u043b\u0430 \u0443 \u0411\u0435\u043e\u0433\u0440\u0430\u0434\u0443 \u0434\u0430 \u043e\u0441\u043d\u0443\u0458\u0435 \u0436\u0435\u043d\u0441\u043a\u043e, \u0445\u0443\u043c\u0430\u043d\u043e, \u043a\u0443\u043b\u0442\u0443\u0440\u043d\u043e \u0434\u0440\u0443\u0448\u0442\u0432\u043e. \u0422\u0430\u0434\u0430 \u0458\u0435 \u0441\u0430\u0441\u0442\u0430\u0432\u0459\u0435\u043d \u0438 \u043f\u0440\u0430\u0432\u0438\u043b\u043d\u0438\u043a \u0437\u0430 \u043e\u0432\u043e \u0434\u0440\u0443\u0448\u0442\u0432\u043e, \u0447\u0438\u0458\u0438 \u0458\u0435 \u0437\u0430\u0434\u0430\u0442\u0430\u043a \u0431\u0438\u043e \u0434\u0430 \u043f\u0440\u0443\u0436\u0430 \u0448\u0442\u043e \u0432\u0435\u045b\u0443 \u043f\u043e\u043c\u043e\u045b \u043f\u043e\u0441\u0442\u0440\u0430\u0434\u0430\u043b\u043e\u043c \u0441\u0440\u043f\u0441\u043a\u043e\u043c \u0436\u0438\u0432\u0459\u0443 \u0443 \u0441\u0442\u0430\u0440\u043e\u0458 \u0421\u0440\u0431\u0438\u0458\u0438 \u0438 \u041c\u0430\u043a\u0435\u0434\u043e\u043d\u0438\u0458\u0438, \u0430 \u043f\u043e\u0441\u043b\u0435, \u043a\u0430\u0434 \u0434\u0440\u0443\u0448\u0442\u0432\u043e \u043e\u0458\u0430\u0447\u0430, \u0434\u0430 \u0441\u0435 &hellip; <\/p>\n<p class=\"link-more\"><a href=\"https:\/\/www.spcireland.org\/en\/kolo-srpskih-sestara\/\" class=\"more-link\">Read more<span class=\"screen-reader-text\"> &#8222;\u041a\u043e\u043b\u043e \u0441\u0440\u043f\u0441\u043a\u0438\u0445 \u0441\u0435\u0441\u0442\u0430\u0440\u0430&#8220;<\/span><\/a><\/p>","protected":false},"author":9,"featured_media":498,"parent":0,"menu_order":0,"comment_status":"closed","ping_status":"closed","template":"","meta":{"footnotes":""},"_links":{"self":[{"href":"https:\/\/www.spcireland.org\/en\/wp-json\/wp\/v2\/pages\/442"}],"collection":[{"href":"https:\/\/www.spcireland.org\/en\/wp-json\/wp\/v2\/pages"}],"about":[{"href":"https:\/\/www.spcireland.org\/en\/wp-json\/wp\/v2\/types\/page"}],"author":[{"embeddable":true,"href":"https:\/\/www.spcireland.org\/en\/wp-json\/wp\/v2\/users\/9"}],"replies":[{"embeddable":true,"href":"https:\/\/www.spcireland.org\/en\/wp-json\/wp\/v2\/comments?post=442"}],"version-history":[{"count":4,"href":"https:\/\/www.spcireland.org\/en\/wp-json\/wp\/v2\/pages\/442\/revisions"}],"predecessor-version":[{"id":905,"href":"https:\/\/www.spcireland.org\/en\/wp-json\/wp\/v2\/pages\/442\/revisions\/905"}],"wp:featuredmedia":[{"embeddable":true,"href":"https:\/\/www.spcireland.org\/en\/wp-json\/wp\/v2\/media\/498"}],"wp:attachment":[{"href":"https:\/\/www.spcireland.org\/en\/wp-json\/wp\/v2\/media?parent=442"}],"curies":[{"name":"wp","href":"https:\/\/api.w.org\/{rel}","templated":true}]}}

<h2>Founding of the Association of Serbian Sisters in Belgrade</h2>
<p>On the Feast of the Assumption in 1903, a group of women met in Belgrade to establish a female, humanitarian, and cultural society. At that time, the rules for this society were drafted, with the mission of providing as much assistance as possible to the suffering Serbian population in Old Serbia and Macedonia, and later, as the society grew stronger, to extend help to other regions where the Serbian people were oppressed. Branislav Nušić, a well-known Serbian writer, proposed that this organization be named the Association of Serbian Sisters. The main founders of the Association were Nadežda Petrović, Delfa Ivanić, and Savka Subotić. Savka Subotić also became the first president of the Association.</p>
<h2>Founding of the Association in Ireland</h2>



<p>The Association of Serbian Sisters “Protection of the Most Holy Mother of God” in the Republic of Ireland is likely one of the youngest organizations of its kind.
It was founded in 2018 in Dublin as a women’s humanitarian and cultural society.
At that time, the Association’s first committee was elected, with Ankica Stančević serving as the first president.
In June 2023, a new committee was chosen, and Biljana Torbica Kostin was elected as the current president of the Association.</p>
<h2>The First Patron Feast of the Association</h2>



<p>The first patron saint celebration was held on October 14, 2018, when Father Mladen broke the festive bread with the president and other members of the newly formed association. Today, the Association has around 50 members from various parts of Ireland.</p>



<figure class="wp-block-image aligncenter size-large is-resized"><img decoding="async" loading="lazy" width="1024" height="768" class="wp-image-501" style="aspect-ratio: 1.3333333333333333; width: 842px; height: auto;" src="https://www.spcireland.org/wp-content/uploads/sites/4/2023/10/IMG_6661-1024x768.jpg" alt="" srcset="https://www.spcireland.org/wp-content/uploads/sites/4/2023/10/IMG_6661-1024x768.jpg 1024w, https://www.spcireland.org/wp-content/uploads/sites/4/2023/10/IMG_6661-300x225.jpg 300w, https://www.spcireland.org/wp-content/uploads/sites/4/2023/10/IMG_6661-768x576.jpg 768w, https://www.spcireland.org/wp-content/uploads/sites/4/2023/10/IMG_6661.jpg 1080w" sizes="(max-width: 1024px) 100vw, 1024px" />
<figcaption class="wp-element-caption">Celebration of the first Slava of the Association of Serbian Sisters 'Protection of the Most Holy Mother of God</figcaption>
</figure>



<figure class="wp-block-image size-large"><img decoding="async" loading="lazy" width="1024" height="768" class="wp-image-503" src="https://www.spcireland.org/wp-content/uploads/sites/4/2023/10/IMG_6662-1024x768.jpg" alt="" srcset="https://www.spcireland.org/wp-content/uploads/sites/4/2023/10/IMG_6662-1024x768.jpg 1024w, https://www.spcireland.org/wp-content/uploads/sites/4/2023/10/IMG_6662-300x225.jpg 300w, https://www.spcireland.org/wp-content/uploads/sites/4/2023/10/IMG_6662-768x576.jpg 768w, https://www.spcireland.org/wp-content/uploads/sites/4/2023/10/IMG_6662.jpg 1080w" sizes="(max-width: 1024px) 100vw, 1024px" />
<figcaption class="wp-element-caption">Прослава друге Славе Кола српских сестара Покров Пресвете Богородице 2019. године</figcaption>
</figure>



<h2>Celebrations and Activities</h2>
<p>The progress of our church and parish would be unimaginable without the dedication and heartfelt participation of the sisters of the Association “Protection of the Most Holy Mother of God.”
The sisters are always ready and willing to support every church or community event, working to preserve and strengthen the religious and cultural life of our small community.
As women and mothers, they recognize the importance of working together to safeguard cultural values. With great maternal care, they dedicate themselves to ensuring that not only their own children, but all families in our community—and even occasional guests at our celebrations—experience the warmth of traditional Serbian hospitality.</p>
<h2 data-start="2005" data-end="2031">Mission and Purpose of the Association</h2>
<p>The members of the Association have diverse and numerous responsibilities. They participate in preserving Serbian religious traditions, work to maintain and strengthen the church community and Serbian cultural heritage, and organize activities for Christmas, Easter, the patron saint feast, and other religious holidays.
In addition, they take care of the church interior and provide support to parishioners in need. The sisters tirelessly engage in initiatives that strengthen Christian family life, organize humanitarian activities, and express their love for God and the Serbian people in various ways.</p>
<h2>Work Rooted in Love and Faith</h2>



<p>The work of the members of the Association of Serbian Sisters “Protection of the Most Holy Mother of God” is entirely voluntary and brings no personal or material gain, except the spiritual satisfaction of seeing a smile of gratitude from someone they have helped.
The sisters are aware that their efforts are valued and rewarded by the One whose rewards are eternal and everlasting.
For this reason, they carry out their work quietly and humbly, trusting in God and the Most Holy Mother of God, their protector and intercessor, who guides and strengthens them even when their will and energy falter.</p>



<figure class="wp-block-image size-large"><img decoding="async" loading="lazy" width="1024" height="767" class="wp-image-504" src="https://www.spcireland.org/wp-content/uploads/sites/4/2023/10/IMG_6650-1-1024x767.jpg" alt="" srcset="https://www.spcireland.org/wp-content/uploads/sites/4/2023/10/IMG_6650-1-1024x767.jpg 1024w, https://www.spcireland.org/wp-content/uploads/sites/4/2023/10/IMG_6650-1-300x225.jpg 300w, https://www.spcireland.org/wp-content/uploads/sites/4/2023/10/IMG_6650-1-768x575.jpg 768w, https://www.spcireland.org/wp-content/uploads/sites/4/2023/10/IMG_6650-1-1536x1150.jpg 1536w, https://www.spcireland.org/wp-content/uploads/sites/4/2023/10/IMG_6650-1.jpg 1600w" sizes="(max-width: 1024px) 100vw, 1024px" />
<figcaption class="wp-element-caption">Прослава Славе Кола српских сестара Покров Пресвете Богородице 2023. године</figcaption>
</figure>



<p>All women of noble heart who wish to join the Association of Serbian Sisters “Protection of the Most Holy Mother of God” can do so by contacting the Association via email <a href="mailto:ksspokrovpresvetebogorodice@gmail.com">ksspokrovpresvetebogorodice@gmail.com</a></p>
<p>&nbsp;</p>

<p>Оснивање Кола српских сестара у Београду На Велику Госпојину 1903. године група жена се састала у Београду да оснује женско, хумано, културно друштво. Тада је састављен и правилник за ово друштво, чији је задатак био да пружа што већу помоћ пострадалом српском живљу у старој Србији и Македонији, а после, кад друштво ојача, да се &hellip; </p>
<p class="link-more"><a href="https://www.spcireland.org/en/kolo-srpskih-sestara/" class="more-link">Read more<span class="screen-reader-text"> &#8222;Коло српских сестара&#8220;</span></a></p>
